{"id":52,"date":"2019-05-09T16:45:28","date_gmt":"2019-05-09T14:45:28","guid":{"rendered":"http:\/\/terraegenesis.org\/?page_id=52"},"modified":"2024-06-12T17:00:04","modified_gmt":"2024-06-12T15:00:04","slug":"proposition-de-classe-de-terrain","status":"publish","type":"page","link":"https:\/\/terraegenesis.org\/?page_id=52","title":{"rendered":"Lyc\u00e9es"},"content":{"rendered":"\n<figure class=\"wp-block-image alignfull size-large\"><img decoding=\"async\" loading=\"lazy\" width=\"1024\" height=\"431\" src=\"http:\/\/terraegenesis.org\/wp-content\/uploads\/2019\/05\/u3-1024x431.jpg\" alt=\"\" class=\"wp-image-509\" srcset=\"https:\/\/terraegenesis.org\/wp-content\/uploads\/2019\/05\/u3-1024x431.jpg 1024w, https:\/\/terraegenesis.org\/wp-content\/uploads\/2019\/05\/u3-300x126.jpg 300w, https:\/\/terraegenesis.org\/wp-content\/uploads\/2019\/05\/u3-768x323.jpg 768w\" sizes=\"(max-width: 1024px) 100vw, 1024px\" \/><\/figure>\n\n\n\n<div style=\"height:50px\" aria-hidden=\"true\" class=\"wp-block-spacer\"><\/div>\n\n\n\n<div class=\"is-layout-flex wp-container-4 wp-block-columns\">\n<div class=\"is-layout-flow wp-block-column\" style=\"flex-basis:18.5%\"><\/div>\n\n\n\n<div class=\"is-layout-flow wp-block-column\" style=\"flex-basis:50%\">\n<h2 class=\"has-text-align-center has-text-color\" style=\"color:#55aaff\">Lyc\u00e9es<\/h2>\n\n\n\n<div style=\"height:50px\" aria-hidden=\"true\" class=\"wp-block-spacer\"><\/div>\n\n\n\n<h3 class=\"has-text-color\" style=\"color:#55aaff\">Prestations p\u00e9dagogiques propos\u00e9es pour les lyc\u00e9ens<\/h3>\n\n\n\n<h5 class=\"has-medium-font-size\">Le Massif Vosgien est exceptionnel \u00e0 plus d\u2019un titre.<\/h5>\n\n\n\n<p class=\"has-medium-font-size\">R\u00e9sultant d\u2019une collision continentale \u00e2g\u00e9e de 330 millions d\u2019ann\u00e9es, il pr\u00e9sente surtout une diversit\u00e9 p\u00e9trologique unique : plus de 910 roches y ont \u00e9t\u00e9 r\u00e9f\u00e9renc\u00e9es \u00e0 l\u2019heure actuelle. Quant aux processus g\u00e9odynamiques, tous sont repr\u00e9sent\u00e9s : l\u2019accr\u00e9tion comme la subduction, et bien entendu la collision. Dans le cadre d\u2019une \u00ab classe de terrain \u00bb avec des \u00e9l\u00e8ves de Seconde, de Premi\u00e8re et de Terminale sp\u00e9cialit\u00e9 SVT, le Massif Vosgien est l\u2019endroit id\u00e9al pour pouvoir aborder, grandeur nature, toutes les facettes des programmes.<\/p>\n\n\n\n<p class=\"has-medium-font-size\">Le ou les professeur(s) de SVT d\u2019un \u00e9tablissement organisent une classe de terrain dans le cadre des programmes officiels de l\u2019\u00c9ducation Nationale.<\/p>\n\n\n\n<p class=\"has-medium-font-size\">Le Centre de G\u00e9ologie TERRAE GENESIS peut mettre \u00e0 disposition pendant 1\/2, 1, 2 journ\u00e9es ou plus (selon le programme choisi) un accompagnateur qui s\u2019occupera de l\u2019ensemble des activit\u00e9s p\u00e9dagogiques sur le terrain propos\u00e9es aux \u00e9l\u00e8ves : commentaires, interpr\u00e9tations, m\u00e9thodologie, travaux, questionnements\u2026<\/p>\n\n\n\n<p class=\"has-medium-font-size\">Dans tous les cas, les professeurs organisateurs restent responsables de leurs groupes d\u2019\u00e9l\u00e8ves pour la discipline, le respect des consignes et la s\u00e9curit\u00e9.<\/p>\n\n\n\n<div style=\"height:20px\" aria-hidden=\"true\" class=\"wp-block-spacer\"><\/div>\n\n\n\n<h4 class=\"has-text-color\" style=\"color:#55aaff\">Sortie sur le terrain<\/h4>\n\n\n\n<p class=\"has-medium-font-size\">Le passage au Centre de G\u00e9ologie est un pr\u00e9alable indispensable \u00e0 toute sortie sur le terrain dans le cadre des programmes officiels :<\/p>\n\n\n\n<ul class=\"has-medium-font-size\">\n<li>Pr\u00e9senter le Massif Vosgien et les diff\u00e9rents processus g\u00e9ologiques abord\u00e9s.<\/li>\n\n\n\n<li>Faire une introduction \u00e0 l\u2019histoire g\u00e9ologique.<\/li>\n\n\n\n<li>Regarder une carte g\u00e9ologique pour comprendre les bases de sa lecture et pr\u00e9parer les arr\u00eats de la sortie.<\/li>\n\n\n\n<li>Pr\u00e9senter la p\u00e9trologie macroscopique avec les grands principes de la classification.<\/li>\n\n\n\n<li>Pr\u00e9senter la p\u00e9trologie microscopique, l\u2019utilit\u00e9 d\u2019un microscope polarisant, la r\u00e9alisation et la lecture des lames minces.<\/li>\n<\/ul>\n\n\n\n<p class=\"has-medium-font-size\"><em>Les kilom\u00e9trages sont donn\u00e9s sous toutes r\u00e9serves et correspondent \u00e0 des d\u00e9parts et retours au Centre de G\u00e9ologie.<\/em><\/p>\n\n\n\n<div style=\"height:20px\" aria-hidden=\"true\" class=\"wp-block-spacer\"><\/div>\n\n\n\n<h4 class=\"has-medium-font-size\">Programme en Seconde<\/h4>\n\n\n\n<p class=\"has-medium-font-size\"><strong>Ch\u00e8vre-Roche<\/strong>&nbsp;: \u00e9rosion, agrosyst\u00e8me.<\/p>\n\n\n\n<p class=\"has-medium-font-size\"><strong>&nbsp; &nbsp; &nbsp; Dur\u00e9e&nbsp;<\/strong>: \u00bd journ\u00e9e.<\/p>\n\n\n\n<p class=\"has-medium-font-size\">&nbsp; &nbsp; &nbsp; Circuit d&rsquo;environ 22 km.<\/p>\n\n\n\n<p class=\"has-text-color has-medium-font-size\" style=\"color:#dc3737\"><\/p>\n\n\n\n<div style=\"height:50px\" aria-hidden=\"true\" class=\"wp-block-spacer\"><\/div>\n\n\n\n<h4 class=\"has-medium-font-size\">Programme en Premi\u00e8re sp\u00e9cialit\u00e9 SVT<\/h4>\n\n\n\n<p class=\"has-medium-font-size\"><strong>&#8211; Neuntelstein<\/strong>&nbsp;: accr\u00e9tion, subduction et <strong>Steige<\/strong> : collision.<\/p>\n\n\n\n<p class=\"has-medium-font-size\">&nbsp; &nbsp; &nbsp; <strong>Dur\u00e9e<\/strong> : 1 journ\u00e9e.<\/p>\n\n\n\n<p class=\"has-medium-font-size\">&nbsp; &nbsp; &nbsp; Circuit d&rsquo;environ 240 km.<\/p>\n\n\n\n<p class=\"has-medium-font-size\"><strong>&#8211; Fossard<\/strong> : manteau, cro\u00fbte continentale&nbsp;et <strong>Centre de G\u00e9ologie<\/strong>.<\/p>\n\n\n\n<p class=\"has-medium-font-size\">&nbsp; &nbsp; &nbsp; <strong>Dur\u00e9e<\/strong> : 1 journ\u00e9e.<\/p>\n\n\n\n<div style=\"height:50px\" aria-hidden=\"true\" class=\"wp-block-spacer\"><\/div>\n\n\n\n<h4 class=\"has-medium-font-size\">Programmes en Terminale sp\u00e9cialit\u00e9 SVT<\/h4>\n\n\n\n<p class=\"has-medium-font-size\"><strong>&#8211; <\/strong><strong>Thalhorn<\/strong> : ophiolite et <strong>Centre de G\u00e9ologie<\/strong>.<\/p>\n\n\n\n<p class=\"has-medium-font-size\">&nbsp; &nbsp; &nbsp; <strong>Dur\u00e9e<\/strong> : 1 journ\u00e9e<\/p>\n\n\n\n<p class=\"has-medium-font-size\">&nbsp; &nbsp; &nbsp; Circuit d&rsquo;environ 110 km.<\/p>\n\n\n\n<p class=\"has-medium-font-size\"><strong>&#8211; Thalhorn&nbsp;<\/strong>: ophiolite et <strong>Sentier du 9<sup>e<\/sup> RAMA<\/strong> : datations, climats.<\/p>\n\n\n\n<p class=\"has-medium-font-size\">&nbsp; &nbsp; &nbsp; <strong>Dur\u00e9e<\/strong> : 1 journ\u00e9e<\/p>\n\n\n\n<p class=\"has-medium-font-size\">&nbsp; &nbsp; &nbsp; Circuit d&rsquo;environ 120 km.<\/p>\n\n\n\n<p class=\"has-medium-font-size\"><strong>&#8211; <\/strong><strong>Vosges du sud<\/strong> : volcanisme de subduction.<\/p>\n\n\n\n<p class=\"has-medium-font-size\">&nbsp; &nbsp; &nbsp; <strong>Dur\u00e9e<\/strong> : 1 journ\u00e9e<\/p>\n\n\n\n<p class=\"has-medium-font-size\">&nbsp; &nbsp; &nbsp; Circuit d&rsquo;environ 120 km<\/p>\n\n\n\n<div style=\"height:50px\" aria-hidden=\"true\" class=\"wp-block-spacer\"><\/div>\n\n\n\n<p class=\"has-medium-font-size\">Assemblage possible de \u00bd journ\u00e9es ou de journ\u00e9es pour un s\u00e9jour avec nuit\u00e9e(s).<br>Autres th\u00e9matiques disponibles.                   <\/p>\n\n\n\n<p class=\"has-medium-font-size\"><strong>Pour Le Thalhorn, il faut un bus de moins de 13m de longueur et sans \u00e9tage<\/strong><\/p>\n\n\n\n<p><\/p>\n\n\n\n<p><\/p>\n\n\n\n<div style=\"height:20px\" aria-hidden=\"true\" class=\"wp-block-spacer\"><\/div>\n\n\n\n<h4 class=\"has-text-color has-medium-font-size\" style=\"color:#55aaff\">Recommandations<\/h4>\n\n\n\n<h6 class=\"has-medium-font-size\">Ces recommandations sont destin\u00e9es \u00e0 ce que les \u00e9l\u00e8ves tirent le plus grand b\u00e9n\u00e9fice de leur sortie.<br>Merci de bien vouloir consid\u00e9rer ces points lors de la pr\u00e9paration de la sortie.<\/h6>\n\n\n\n<ul class=\"has-medium-font-size\">\n<li>Le programme \u00e9tabli ne peut \u00eatre tenu que dans la mesure o\u00f9 les horaires convenus sont respect\u00e9s.<\/li>\n\n\n\n<li>Le professeur organisateur doit veiller \u00e0 ce que chaque \u00e9l\u00e8ve poss\u00e8de le mat\u00e9riel minimum list\u00e9 ci-dessous, soit attentif sur le terrain comme dans le bus, et effectue le travail demand\u00e9.<\/li>\n\n\n\n<li>En particulier, on exclura toute utilisation de t\u00e9l\u00e9phone mobile, smartphone, lecteur mp3-mp4 et assimil\u00e9, sur le terrain comme dans le bus.<\/li>\n\n\n\n<li>L\u2019observation rigoureuse de la&nbsp;<strong>discipline<\/strong> est demand\u00e9e lors de d\u00e9placements p\u00e9destres en groupe ou lors de travaux p\u00e9dagogiques \u00e0 proximit\u00e9 d\u2019un axe routier pour des raisons \u00e9videntes de s\u00e9curit\u00e9.<\/li>\n\n\n\n<li>Il est <strong>INDISPENSABLE<\/strong> que <strong>CHAQUE<\/strong> \u00e9l\u00e8ve soit muni en permanence de son carnet de terrain. L\u2019\u00e9tablissement organisateur veillera \u00e0 reprographier un exemplaire complet par \u00e9l\u00e8ve.<\/li>\n<\/ul>\n\n\n\n<p class=\"has-medium-font-size\"><strong>L\u2019\u00e9quipement minimum<\/strong>&nbsp;pour chaque \u00e9l\u00e8ve est constitu\u00e9 de :<\/p>\n\n\n\n<ul class=\"has-medium-font-size\">\n<li>Un carnet de terrain.<\/li>\n\n\n\n<li>Un crayon de papier ou crit\u00e9rium (\u00e0 l\u2019exclusion de tous stylos, feutres).<\/li>\n\n\n\n<li>4 ou 5 crayons de couleur.<\/li>\n\n\n\n<li>Une gomme.<\/li>\n\n\n\n<li>Un support rigide de format A4.<\/li>\n\n\n\n<li>Un parapluie.<\/li>\n\n\n\n<li>Des chaussures adapt\u00e9es \u00e0 la marche (sur et en dehors des chemins).<\/li>\n<\/ul>\n\n\n\n<p class=\"has-medium-font-size\"><em>Le mat\u00e9riel est \u00e0 disposer par exemple dans un petit sac \u00e0 dos.<\/em><\/p>\n\n\n\n<p class=\"has-medium-font-size\">Selon le programme de la sortie, on ajoutera l\u2019alimentation, des affaires de rechange, des affaires de couchage, des sachets plastique pour un \u00e9chantillonnage, une m\u00e9dication contre le mal des transports\u2026<\/p>\n\n\n\n<p class=\"has-medium-font-size\">Le Centre de G\u00e9ologie peut vous proposer d\u2019autres organisations de sorties, d\u2019autres th\u00e9matiques, d\u2019autres dur\u00e9es (3 \u00e0 4 jours), d\u2019autres exploitations p\u00e9dagogiques.<br>Ces sorties peuvent \u00e9galement \u00eatre modifi\u00e9es selon vos souhaits. Contactez-nous.<\/p>\n\n\n\n<div style=\"height:20px\" aria-hidden=\"true\" class=\"wp-block-spacer\"><\/div>\n\n\n\n<p class=\"has-medium-font-size\">Mail : <a href=\"mailto:lemusee@terraegenesis.org\">lemusee@terraegenesis.org<\/a><\/p>\n\n\n\n<h6 class=\"has-text-color has-medium-font-size\" style=\"color:#55aaff\">Pour pr\u00e9parer votre s\u00e9jour, prenez contact avec le Centre.<\/h6>\n\n\n\n<p class=\"has-medium-font-size\">Un devis (programme, dates et tarif complet) vous sera envoy\u00e9.<\/p>\n\n\n\n<p class=\"has-medium-font-size\">T\u00e9l\u00e9phone : <strong>03 29 26 58 10<\/strong><\/p>\n<\/div>\n\n\n\n<div class=\"is-layout-flow wp-block-column\" style=\"flex-basis:18.5%\"><\/div>\n<\/div>\n","protected":false},"excerpt":{"rendered":"<p>Lyc\u00e9es Prestations p\u00e9dagogiques propos\u00e9es pour les lyc\u00e9ens Le Massif Vosgien est exceptionnel \u00e0 plus d\u2019un titre. R\u00e9sultant d\u2019une collision continentale \u00e2g\u00e9e de 330 millions d\u2019ann\u00e9es, il pr\u00e9sente surtout une diversit\u00e9 p\u00e9trologique unique : plus de 910 roches y ont \u00e9t\u00e9 r\u00e9f\u00e9renc\u00e9es \u00e0 l\u2019heure actuelle. Quant aux processus g\u00e9odynamiques, tous sont [&hellip;]<\/p>\n","protected":false},"author":3,"featured_media":0,"parent":44,"menu_order":0,"comment_status":"closed","ping_status":"closed","template":"page-templates\/template-pagebuilder-full-width.php","meta":[],"_links":{"self":[{"href":"https:\/\/terraegenesis.org\/index.php?rest_route=\/wp\/v2\/pages\/52"}],"collection":[{"href":"https:\/\/terraegenesis.org\/index.php?rest_route=\/wp\/v2\/pages"}],"about":[{"href":"https:\/\/terraegenesis.org\/index.php?rest_route=\/wp\/v2\/types\/page"}],"author":[{"embeddable":true,"href":"https:\/\/terraegenesis.org\/index.php?rest_route=\/wp\/v2\/users\/3"}],"replies":[{"embeddable":true,"href":"https:\/\/terraegenesis.org\/index.php?rest_route=%2Fwp%2Fv2%2Fcomments&post=52"}],"version-history":[{"count":80,"href":"https:\/\/terraegenesis.org\/index.php?rest_route=\/wp\/v2\/pages\/52\/revisions"}],"predecessor-version":[{"id":4766,"href":"https:\/\/terraegenesis.org\/index.php?rest_route=\/wp\/v2\/pages\/52\/revisions\/4766"}],"up":[{"embeddable":true,"href":"https:\/\/terraegenesis.org\/index.php?rest_route=\/wp\/v2\/pages\/44"}],"wp:attachment":[{"href":"https:\/\/terraegenesis.org\/index.php?rest_route=%2Fwp%2Fv2%2Fmedia&parent=52"}],"curies":[{"name":"wp","href":"https:\/\/api.w.org\/{rel}","templated":true}]}}