{"id":226,"date":"2019-03-25T15:40:50","date_gmt":"2019-03-25T15:40:50","guid":{"rendered":"https:\/\/demo.themeisle.com\/hestia-zelle\/?page_id=14"},"modified":"2024-10-30T15:02:12","modified_gmt":"2024-10-30T14:02:12","slug":"home-hestia-zelle","status":"publish","type":"page","link":"https:\/\/terraegenesis.org\/","title":{"rendered":"Accueil"},"content":{"rendered":"\n<p><\/p>\n\n\n\n<div style=\"height:9px\" aria-hidden=\"true\" class=\"wp-block-spacer\"><\/div>\n\n\n\n<h1 class=\"has-text-align-center has-text-color\" style=\"color:#49525c;font-size:46px\">Venez d\u00e9couvrir les merveilles de la plan\u00e8te Terre<\/h1>\n\n\n\n<div style=\"height:30px\" aria-hidden=\"true\" class=\"wp-block-spacer\"><\/div>\n\n\n\n<div class=\"wp-block-cover alignfull is-light has-parallax\" style=\"min-height:900px\"><span aria-hidden=\"true\" class=\"wp-block-cover__background has-background-dim\"><\/span><div role=\"img\" class=\"wp-block-cover__image-background wp-image-1401 has-parallax\" style=\"background-position:50% 50%;background-image:url(http:\/\/terraegenesis.org\/wp-content\/uploads\/2019\/06\/1er-plan-machine-polir-electrique_2eme-chassis-grenaille-1024x657.jpg)\"><\/div><div class=\"wp-block-cover__inner-container\">\n<h1 class=\"has-text-align-center has-white-color has-text-color has-large-font-size\">Histoire du granit<\/h1>\n\n\n\n<div style=\"height:30px\" aria-hidden=\"true\" class=\"wp-block-spacer\"><\/div>\n\n\n\n<div class=\"is-layout-flex wp-container-4 wp-block-columns\">\n<div class=\"is-layout-flow wp-block-column\" style=\"flex-basis:25%\"><\/div>\n\n\n\n<div class=\"is-layout-flow wp-block-column\" style=\"flex-basis:50%\">\n<p class=\"has-white-color has-text-color\" style=\"font-size:25px\">Le Centre de G\u00e9ologie Terrae Genesis est implant\u00e9 sur le site historique de la Soci\u00e9t\u00e9 des Granits Porphyro\u00efdes des Vosges, qui s\u2019y est \u00e9tablie d\u00e8s la fin du XIX<sup>e<\/sup> si\u00e8cle \u00e0 proximit\u00e9 des quais de la gare du Syndicat-Saint-Am\u00e9. La soci\u00e9t\u00e9 Mondial Granit, entreprise leader en France du n\u00e9goce du granit, y avait implant\u00e9 ses locaux et un parc, v\u00e9ritable show-room des granits du monde entier.&nbsp;<br>L\u2019association Espace Granit a commenc\u00e9 par pr\u00e9server et mettre en valeur les anciens m\u00e9tiers li\u00e9s \u00e0 l\u2019exploitation et \u00e0 l&rsquo;industrie du granit dans les Vosges.<br>Elle a collect\u00e9 et pr\u00e9sente au public l&rsquo;essentiel des machines et mat\u00e9riels ayant servi \u00e0 l&rsquo;exploitation du granit dans les Vosges : une forge reconstitu\u00e9e, des engins de sciage, de manutention, un atelier de polissage, une forge\u2026<\/p>\n\n\n\n<p><\/p>\n<\/div>\n\n\n\n<div class=\"is-layout-flow wp-block-column\" style=\"flex-basis:25%\"><\/div>\n<\/div>\n\n\n\n<p><\/p>\n<\/div><\/div>\n\n\n\n<div class=\"wp-block-cover alignfull is-light has-parallax\" style=\"min-height:900px\"><span aria-hidden=\"true\" class=\"wp-block-cover__background has-background-dim\"><\/span><div role=\"img\" class=\"wp-block-cover__image-background wp-image-1398 has-parallax\" style=\"background-position:50% 50%;background-image:url(http:\/\/terraegenesis.org\/wp-content\/uploads\/2019\/06\/IMG_2410-v2-1024x647.jpg)\"><\/div><div class=\"wp-block-cover__inner-container\">\n<h2 class=\"has-text-align-center has-white-color has-text-color has-large-font-size\">Les min\u00e9raux<\/h2>\n\n\n\n<div style=\"height:30px\" aria-hidden=\"true\" class=\"wp-block-spacer\"><\/div>\n\n\n\n<div class=\"is-layout-flex wp-container-8 wp-block-columns\">\n<div class=\"is-layout-flow wp-block-column\" style=\"flex-basis:25%\"><\/div>\n\n\n\n<div class=\"is-layout-flow wp-block-column\" style=\"flex-basis:50%\">\n<p class=\"has-white-color has-text-color\" style=\"font-size:25px\">Une exposition exceptionnelle de min\u00e9raux des Vosges et du monde entier<br>Au XXI<sup>e<\/sup> si\u00e8cle, les fronti\u00e8res perdent leur signification. La Terre est un ensemble qu&rsquo;on ne peut plus regarder de fa\u00e7on partielle mais globale.<br>Au-del\u00e0 des granites de notre r\u00e9gion, au-del\u00e0 des roches du Massif Vosgien, nous avons voulu montrer au public les merveilles de la min\u00e9ralogie en rassemblant des collections qui n&rsquo;\u00e9taient plus expos\u00e9es, dont celle de La Moineaudi\u00e8re.<br>Ces collections ont \u00e9t\u00e9 compl\u00e9t\u00e9es, r\u00e9organis\u00e9es et pr\u00e9sent\u00e9es pour en faire une des plus riches de France, capable de rivaliser avec celles des mus\u00e9es nationaux. Venez vous \u00e9merveiller devant le quartz fant\u00f4me du Br\u00e9sil ou un rarissime hippocampe en cuivre natif.&nbsp;<\/p>\n<\/div>\n\n\n\n<div class=\"is-layout-flow wp-block-column\" style=\"flex-basis:25%\"><\/div>\n<\/div>\n\n\n\n<p><\/p>\n<\/div><\/div>\n\n\n\n<div class=\"wp-block-cover alignfull is-light has-parallax\" style=\"min-height:900px\"><span aria-hidden=\"true\" class=\"wp-block-cover__background has-background-dim\"><\/span><div role=\"img\" class=\"wp-block-cover__image-background wp-image-1396 has-parallax\" style=\"background-position:50% 50%;background-image:url(http:\/\/terraegenesis.org\/wp-content\/uploads\/2019\/06\/20190619_160013-v2-1024x607.jpg)\"><\/div><div class=\"wp-block-cover__inner-container\">\n<h2 class=\"has-text-align-center has-white-color has-text-color has-large-font-size\">La lumi\u00e8re noire<\/h2>\n\n\n\n<div style=\"height:30px\" aria-hidden=\"true\" class=\"wp-block-spacer\"><\/div>\n\n\n\n<div class=\"is-layout-flex wp-container-12 wp-block-columns\">\n<div class=\"is-layout-flow wp-block-column\" style=\"flex-basis:25%\"><\/div>\n\n\n\n<div class=\"is-layout-flow wp-block-column\" style=\"flex-basis:50%\">\n<p class=\"has-white-color has-text-color\" style=\"font-size:25px\">De rares min\u00e9raux (quelques dizaines sur des milliers) poss\u00e8dent des propri\u00e9t\u00e9s lumineuses \u00e9tonnantes.<br>En les \u00e9clairant avec une lumi\u00e8re dite \u00ab\u00a0noire\u00a0\u00bb, en r\u00e9alit\u00e9 des ultraviolets invisibles \u00e0 l&rsquo;\u0153il nu, les min\u00e9raux \u00e9mettent une couleur aux teintes vives magnifiques. Ce spectacle est un plaisir pour les yeux lorsque petits et grands, rentrant dans le myst\u00e8re de la chambre noire, viendront viennent d\u00e9couvrir des centaines de taches lumineuses\u2026<\/p>\n\n\n\n<p class=\"has-small-font-size\"><\/p>\n\n\n\n<h2 class=\"has-text-align-center has-large-font-size\"><\/h2>\n<\/div>\n\n\n\n<div class=\"is-layout-flow wp-block-column\" style=\"flex-basis:25%\"><\/div>\n<\/div>\n\n\n\n<p><\/p>\n<\/div><\/div>\n\n\n\n<div class=\"wp-block-cover alignfull is-light has-parallax\" style=\"min-height:900px\"><span aria-hidden=\"true\" class=\"wp-block-cover__background has-background-dim\"><\/span><div role=\"img\" class=\"wp-block-cover__image-background wp-image-460 has-parallax\" style=\"background-position:50% 50%;background-image:url(http:\/\/terraegenesis.org\/wp-content\/uploads\/2019\/05\/r3-1024x431.jpg)\"><\/div><div class=\"wp-block-cover__inner-container\">\n<h2 class=\"has-text-align-center has-white-color has-text-color has-large-font-size\">Les roches<\/h2>\n\n\n\n<div style=\"height:30px\" aria-hidden=\"true\" class=\"wp-block-spacer\"><\/div>\n\n\n\n<div class=\"is-layout-flex wp-container-16 wp-block-columns\">\n<div class=\"is-layout-flow wp-block-column\" style=\"flex-basis:25%\"><\/div>\n\n\n\n<div class=\"is-layout-flow wp-block-column\" style=\"flex-basis:50%\">\n<p class=\"has-white-color has-text-color\" style=\"font-size:25px\">Toutes les roches du Massif Vosgien \u2013 Unique en Europe<\/p>\n\n\n\n<p class=\"has-white-color has-text-color\" style=\"font-size:25px\">Admirez la grande carte g\u00e9ologique du Massif Vosgien : une v\u00e9ritable mosa\u00efque constitu\u00e9e de plusieurs centaines de couleurs t\u00e9moignant de la richesse exceptionnelle de notre patrimoine g\u00e9ologique.<\/p>\n\n\n\n<p class=\"has-white-color has-text-color\" style=\"font-size:25px\">Le coffre-fort pr\u00e9sente des roches sur une th\u00e9matique temporelle :<br>\u2013 Des m\u00e9t\u00e9orites dat\u00e9es de l&rsquo;\u00e2ge de la formation de la Terre.<br>\u2013 LA PLUS VIEILLE ROCHE DU MONDE (4,388 milliards d\u2019ann\u00e9es), visible uniquement \u00e0 TERRAE GENESIS.<br>\u2013 Les plus vieilles roches comportant des traces de manifestations vivantes (3,8 milliards d\u2019ann\u00e9es).<br>\u2013 Les premi\u00e8res traces de vie construite, avec les stromatolites.<\/p>\n\n\n\n<p class=\"has-white-color has-text-color\" style=\"font-size:25px\">Et encore beaucoup d&rsquo;autres choses :<br>\u2013 Une collection des granits commercialis\u00e9s dans le monde.<br>\u2013 Des cartes g\u00e9ologiques des Vosges, de la France, de la plan\u00e8te.<br>\u2013 De somptueux blocs de roches rares : granites orbiculaires, conglom\u00e9rats magmatiques, \u00e9clogite, schiste ruban\u00e9.<br>\u2013 Un sch\u00e9ma, enti\u00e8rement en roches, des processus tectoniques.<\/p>\n<\/div>\n\n\n\n<div class=\"is-layout-flow wp-block-column\" style=\"flex-basis:25%\"><\/div>\n<\/div>\n\n\n\n<p class=\"has-white-color has-text-color\"><\/p>\n<\/div><\/div>\n\n\n\n<div class=\"wp-block-cover alignfull is-light has-parallax\" style=\"min-height:900px\"><span aria-hidden=\"true\" class=\"wp-block-cover__background has-background-dim\"><\/span><div role=\"img\" class=\"wp-block-cover__image-background wp-image-446 has-parallax\" style=\"background-position:50% 50%;background-image:url(http:\/\/terraegenesis.org\/wp-content\/uploads\/2019\/05\/p2.jpg)\"><\/div><div class=\"wp-block-cover__inner-container\">\n<h2 class=\"has-text-align-center has-white-color has-text-color has-large-font-size\">Les fossiles<\/h2>\n\n\n\n<div style=\"height:30px\" aria-hidden=\"true\" class=\"wp-block-spacer\"><\/div>\n\n\n\n<div class=\"is-layout-flex wp-container-20 wp-block-columns\">\n<div class=\"is-layout-flow wp-block-column\" style=\"flex-basis:25%\"><\/div>\n\n\n\n<div class=\"is-layout-flow wp-block-column\" style=\"flex-basis:50%\">\n<p class=\"has-white-color has-text-color\" style=\"font-size:25px\">Depuis le coffre-fort qui pr\u00e9sente des roches datant de la formation de la Terre et datant de la naissance de la vie, suivez la ligne du temps jusqu\u2019\u00e0 la lign\u00e9e de l\u2019Homme.<br>Fossiles et bois fossiles. Traces de v\u00e9g\u00e9taux et d\u2019animaux. Unique t\u00e9moignage connu d\u2019un dinosaure vosgien. La lign\u00e9e de l\u2019Homme.<\/p>\n\n\n\n<p class=\"has-white-color has-text-color\" style=\"font-size:25px\">L\u2019association dispose de r\u00e9serves de fossiles encore jamais expos\u00e9es au public. Ces fossiles sont les t\u00e9moins d\u2019une grande partie de l&rsquo;histoire de notre globe terrestre et nous renseignent sur ce qu\u2019\u00e9tait le Massif Vosgien il y a plusieurs millions ou centaines de millions d\u2019ann\u00e9es. Cela aussi, c\u2019est notre patrimoine !&nbsp;<\/p>\n<\/div>\n\n\n\n<div class=\"is-layout-flow wp-block-column\" style=\"flex-basis:25%\"><\/div>\n<\/div>\n\n\n\n<p><\/p>\n<\/div><\/div>\n\n\n\n<div style=\"height:15px\" aria-hidden=\"true\" class=\"wp-block-spacer\"><\/div>\n\n\n\n<p class=\"has-white-color has-white-background-color has-text-color has-background\"><\/p>\n\n\n\n<div class=\"is-layout-flex wp-block-buttons\">\n<div class=\"wp-block-button aligncenter\"><a class=\"wp-block-button__link wp-element-button\" href=\"http:\/\/terraegenesis.org\/?page_id=631\">INFORMATIONS PRATIQUES<\/a><\/div>\n<\/div>\n","protected":false},"excerpt":{"rendered":"<p>Venez d\u00e9couvrir les merveilles de la plan\u00e8te Terre<\/p>\n","protected":false},"author":3,"featured_media":0,"parent":0,"menu_order":0,"comment_status":"closed","ping_status":"closed","template":"page-templates\/template-pagebuilder-full-width.php","meta":[],"_links":{"self":[{"href":"https:\/\/terraegenesis.org\/index.php?rest_route=\/wp\/v2\/pages\/226"}],"collection":[{"href":"https:\/\/terraegenesis.org\/index.php?rest_route=\/wp\/v2\/pages"}],"about":[{"href":"https:\/\/terraegenesis.org\/index.php?rest_route=\/wp\/v2\/types\/page"}],"author":[{"embeddable":true,"href":"https:\/\/terraegenesis.org\/index.php?rest_route=\/wp\/v2\/users\/3"}],"replies":[{"embeddable":true,"href":"https:\/\/terraegenesis.org\/index.php?rest_route=%2Fwp%2Fv2%2Fcomments&post=226"}],"version-history":[{"count":147,"href":"https:\/\/terraegenesis.org\/index.php?rest_route=\/wp\/v2\/pages\/226\/revisions"}],"predecessor-version":[{"id":3645,"href":"https:\/\/terraegenesis.org\/index.php?rest_route=\/wp\/v2\/pages\/226\/revisions\/3645"}],"wp:attachment":[{"href":"https:\/\/terraegenesis.org\/index.php?rest_route=%2Fwp%2Fv2%2Fmedia&parent=226"}],"curies":[{"name":"wp","href":"https:\/\/api.w.org\/{rel}","templated":true}]}}